3 is divided by 310.
213
What is the remainder when 15771 is divided by 186?
147
Calculate the remainder when 1993608 is divided by 11392.
8
Calculate the remainder when 89514647 is divided by 156221.
14
Calculate the remainder when 1369376 is divided by 401.
362
Calculate the remainder when 82678 is divided by 1181.
8
Calculate the remainder when 1981411 is divided by 116544.
163
Calculate the remainder when 1301006 is divided by 2315.
2291
Calculate the remainder when 215579 is divided by 5268.
4859
What is the remainder when 390214 is divided by 3270?
1084
Calculate the remainder when 379610 is divided by 9255.
155
Calculate the remainder when 765023 is divided by 2723.
2583
What is the remainder when 9532745 is divided by 18655?
40
Calculate the remainder when 966752 is divided by 29.
8
Calculate the remainder when 771367 is divided by 385661.
45
Calculate the remainder when 432882 is divided by 881.
311
Calculate the remainder when 210046 is divided by 682.
672
What is the remainder when 422673 is divided by 140712?
537
What is the remainder when 90774068 is divided by 26092?
0
Calculate the remainder when 1337159 is divided by 91.
5
What is the remainder when 73519426 is divided by 2707?
13
Calculate the remainder when 34159 is divided by 1039.
911
What is the remainder when 75275 is divided by 14847?
1040
Calculate the remainder when 1139224 is divided by 11392.
24
What is the remainder when 8455877 is divided by 40?
37
What is the remainder when 29541 is divided by 9840?
21
Calculate the remainder when 771794 is divided by 5078.
5016
Calculate the remainder when 983566405 is divided by 193.
191
Calculate the remainder when 667058488 is divided by 841.
836
Calculate the remainder when 19121869 is divided by 496.
77
What is the remainder when 173404 is divided by 3571?
1996
Calculate the remainder when 141740 is divided by 7.
4
What is the remainder when 22677205 is divided by 346?
19
Calculate the remainder when 70523 is divided by 1532.
51
What is the remainder when 68785927 is divided by 1677705?
22
What is the remainder when 183015 is divided by 91498?
19
What is the remainder when 11894474 is divided by 5023?
10
Calculate the remainder when 401454 is divided by 270.
234
What is the remainder when 282667 is divided by 71?
16
Calculate the remainder when 949042 is divided by 4695.
652
What is the remainder when 1508047 is divided by 502679?
10
Calculate the remainder when 1136208 is divided by 323.
217
What is the remainder when 1756995 is divided by 5121?
492
Calculate the remainder when 148499 is divided by 213.
38
Calculate the remainder when 325840 is divided by 7080.
160
Calculate the remainder when 3339797 is divided by 20.
17
Calculate the remainder when 13993009 is divided by 1042.
1033
Calculate the remainder when 172019 is divided by 11464.
59
Calculate the remainder when 64348 is divided by 2638.
1036
What is the remainder when 400802 is divided by 3426?
3386
What is the remainder when 64616 is divided by 9216?
104
Calculate the remainder when 38780 is divided by 6252.
1268
What is the remainder when 245546 is divided by 245062?
484
Calculate the remainder when 248982306 is divided by 134.
122
What is the remainder when 1436615 is divided by 336?
215
Calculate the remainder when 414788 is divided by 138189.
221
Calculate the remainder when 133828008 is divided by 47.
20
Calculate the remainder when 334956 is divided by 410.
396
What is the remainder when 106357 is divided by 210?
97
Calculate the remainder when 2404727 is divided by 18.
17
Calculate the remainder when 29355 is divided by 1071.
438
What is the remainder when 749792 is divided by 575?
567
What is the remainder when 1233895 is divided by 712?
711
Calculate the remainder when 8556903 is divided by 35.
33
Calculate the remainder when 70525636 is divided by 35262804.
28
Calculate the remainder when 5786927 is divided by 14540.
7
What is the remainder when 9650037 is divided by 290?
287
Calculate the remainder when 652418 is divided by 1.
0
What is the remainder when 468367 is divided by 211?
158
What is the remainder when 8752 is divided by 1917?
1084
What is the remainder when 6005544 is divided by 33?
6
What is the remainder when 7237006 is divided by 157326?
10
Calculate the remainder when 798443 is divided by 39914.
163
Calculate the remainder when 5494485 is divided by 177.
51
What is the remainder when 841351 is divided by 1325?
1301
What is the remainder when 2954428 is divided by 239?
149
Calculate the remainder when 9064995 is divided by 3210.
3165
Calculate the remainder when 187895 is divided by 187882.
13
What is the remainder when 530633 is divided by 1257?
179
Calculate the remainder when 182273137 is divided by 28.
25
What is the remainder when 21233859 is divided by 772?
771
What is the remainder when 1498524 is divided by 11352?
60
What is the remainder when 39931 is divided by 26?
21
Calculate the remainder when 67609200 is divided by 2530.
10
What is the remainder when 208194 is divided by 5579?
1771
What is the remainder when 1536621 is divided by 10898?
3
What is the remainder when 118347 is divided by 23?
12
What is the remainder when 3655245 is divided by 270?
255
Calculate the remainder when 62312558 is divided by 101.
2
What is the remainder when 1191728 is divided by 19397?
8511
What is the remainder when 2978360 is divided by 1548?
8
Calculate the remainder when 4712370 is divided by 2.
0
What is the remainder when 6923969 is divided by 230798?
29
Calculate the remainder when 105099 is divided by 26243.
127
What is the remainder when 2395136 is divided by 502?
94
Calculate the remainder when 13610828 is divided by 77776.
28
Calculate the remainder when 339322 is divided by 339278.
44
What is the remainder when 29074096 is divided by 193?
190
What is the remainder when 293416 is divided by 58683?
1
Calculate the remainder when 2300783 is divided by 1822.
1419
Calculate the remainder when 16626811 is divided by 576.
571
Calculate the remainder when 1811463 is divided by 261.
123
Calculate the remainder when 19081580 is divided by 79.
78
Calculate the remainder when 21192749 is divided by 25.
24
Calculate the remainder when 14591462 is divided by 258.
14
Calculate the remainder when 203937 is divided by 36.
33
Calculate the remainder when 982342 is divided by 196133.
1677
What is the remainder when 824484 is divided by 186?
132
What is the remainder when 1354101 is divided by 270810?
51
What is the remainder when 232162378 is divided by 2463?
2461
What is the remainder when 856029 is divided by 3988?
2597
What is the remainder when 152417861 is divided by 1557?
17
Calculate the remainder when 281653957 is divided by 1514.
1509
What is the remainder when 98885977 is divided by 14126568?
1
What is the remainder when 962153 is divided by 160338?
125
What is the remainder when 553473 is divided by 525?
123
Calculate the remainder when 2733513 is divided by 20708.
57
Calculate the remainder when 278977 is divided by 1641.
7
What is the remainder when 5333083 is divided by 5333075?
8
What is the remainder when 29129490 is divided by 8?
2
What is the remainder when 7045204 is divided by 730?
704
What is the remainder when 284738 is divided by 3232?
322
Calculate the remainder when 169215 is divided by 42295.
35
What is the remainder when 23950632 is divided by 2459?
2431
Calculate the remainder when 2241392 is divided by 13928.
12912
What is the remainder when 513285 is divided by 139?
97
What is the remainder when 164902 is divided by 2164?
438
What is the remainder when 61505288 is divided by 773?
770
Calculate the remainder when 6554255 is divided by 71240.
175
What is the remainder when 304837 is divided by 667?
18
What is the remainder when 423074 is divided by 34?
12
What is the remainder when 26874620 is divided by 224?
220
What is the remainder when 49394 is divided by 4025?
1094
What is the remainder when 15125978 is divided by 66342?
2
Calculate the remainder when 4246919 is divided by 227.
203
Calculate the remainder when 14819461 is divided by 705688.
13
Calculate the remainder when 184984 is divided by 16671.
1603
Calculate the remainder when 15606641 is divided by 1056.
17
What is the remainder when 1507797 is divided by 1340?
